{"id":11350,"date":"2023-11-03T13:42:11","date_gmt":"2023-11-03T11:42:11","guid":{"rendered":"http:\/\/bertwin.de\/irmgard-melitta\/?page_id=11350"},"modified":"2024-05-07T12:46:35","modified_gmt":"2024-05-07T10:46:35","slug":"40-jahre-chor-der-banater-schwaben-karlsruhe","status":"publish","type":"page","link":"https:\/\/bertwin.de\/irmgard-melitta\/?page_id=11350","title":{"rendered":"40 Jahre Chor der Banater Schwaben Karlsruhe"},"content":{"rendered":"\n<p>Der Chor der Banater Schwaben feierte am <strong>14.oktober 2023<\/strong> in der St. Josef Kirche in Karlsruhe-Gr\u00fcnwinkel sein 40j\u00e4hriges Gr\u00fcndungsjubil\u00e4um.<\/p>\n\n\n\n<p>Foto: <strong>Dagmar \u00d6sterreicher, Cornel Gruber Simionescu<\/strong><\/p>\n\n\n\n<p>Video:<strong> Ottmar Liep<\/strong><\/p>\n\n\n\n<p><a href=\"https:\/\/www.youtube.com\/watch?v=6kZEnStkVLA&amp;t=20s\">https:\/\/www.youtube.com\/watch?v=6kZEnStkVLA&amp;t=20s<\/a><\/p>\n\n\n\n<figure class=\"wp-block-image size-large\"><img loading=\"lazy\" decoding=\"async\" width=\"493\" height=\"330\" src=\"https:\/\/bertwin.de\/irmgard-melitta\/wp-content\/uploads\/2023\/11\/image007.jpg\" alt=\"\" class=\"wp-image-11356\" srcset=\"https:\/\/bertwin.de\/irmgard-melitta\/wp-content\/uploads\/2023\/11\/image007.jpg 493w, https:\/\/bertwin.de\/irmgard-melitta\/wp-content\/uploads\/2023\/11\/image007-300x201.jpg 300w, https:\/\/bertwin.de\/irmgard-melitta\/wp-content\/uploads\/2023\/11\/image007-448x300.jpg 448w\" sizes=\"auto, (max-width: 493px) 100vw, 493px\" \/><\/figure>\n\n\n\n<figure class=\"wp-block-image size-large\"><img loading=\"lazy\" decoding=\"async\" width=\"440\" height=\"330\" src=\"https:\/\/bertwin.de\/irmgard-melitta\/wp-content\/uploads\/2023\/11\/image005.jpg\" alt=\"\" class=\"wp-image-11357\" srcset=\"https:\/\/bertwin.de\/irmgard-melitta\/wp-content\/uploads\/2023\/11\/image005.jpg 440w, https:\/\/bertwin.de\/irmgard-melitta\/wp-content\/uploads\/2023\/11\/image005-300x225.jpg 300w, https:\/\/bertwin.de\/irmgard-melitta\/wp-content\/uploads\/2023\/11\/image005-400x300.jpg 400w\" sizes=\"auto, (max-width: 440px) 100vw, 440px\" \/><\/figure>\n\n\n\n<figure class=\"wp-block-image size-large\"><img loading=\"lazy\" decoding=\"async\" width=\"489\" height=\"330\" src=\"https:\/\/bertwin.de\/irmgard-melitta\/wp-content\/uploads\/2023\/11\/image001.jpg\" alt=\"\" class=\"wp-image-11359\" srcset=\"https:\/\/bertwin.de\/irmgard-melitta\/wp-content\/uploads\/2023\/11\/image001.jpg 489w, https:\/\/bertwin.de\/irmgard-melitta\/wp-content\/uploads\/2023\/11\/image001-300x202.jpg 300w, https:\/\/bertwin.de\/irmgard-melitta\/wp-content\/uploads\/2023\/11\/image001-445x300.jpg 445w\" sizes=\"auto, (max-width: 489px) 100vw, 489px\" \/><\/figure>\n\n\n\n<figure class=\"wp-block-image size-large\"><img loading=\"lazy\" decoding=\"async\" width=\"500\" height=\"281\" src=\"https:\/\/bertwin.de\/irmgard-melitta\/wp-content\/uploads\/2023\/11\/image003.jpg\" alt=\"\" class=\"wp-image-11361\" srcset=\"https:\/\/bertwin.de\/irmgard-melitta\/wp-content\/uploads\/2023\/11\/image003.jpg 500w, https:\/\/bertwin.de\/irmgard-melitta\/wp-content\/uploads\/2023\/11\/image003-300x169.jpg 300w\" sizes=\"auto, (max-width: 500px) 100vw, 500px\" \/><\/figure>\n\n\n\n<figure class=\"wp-block-image size-large\"><img decoding=\"async\" src=\"https:\/\/bertwin.de\/irmgard-melitta\/wp-content\/uploads\/2023\/11\/image004.jpg\" alt=\"\" class=\"wp-image-11362\"\/><\/figure>\n\n\n\n<p><\/p>\n","protected":false},"excerpt":{"rendered":"<p>Der Chor der Banater Schwaben feierte am 14.oktober 2023 in der St. Josef Kirche in Karlsruhe-Gr\u00fcnwinkel sein 40j\u00e4hriges Gr\u00fcndungsjubil\u00e4um. Foto: Dagmar \u00d6sterreicher, Cornel Gruber Simionescu Video: Ottmar Liep https:\/\/www.youtube.com\/watch?v=6kZEnStkVLA&amp;t=20s<\/p>\n","protected":false},"author":2,"featured_media":0,"parent":0,"menu_order":0,"comment_status":"closed","ping_status":"closed","template":"","meta":{"footnotes":""},"class_list":["post-11350","page","type-page","status-publish","hentry"],"_links":{"self":[{"href":"https:\/\/bertwin.de\/irmgard-melitta\/index.php?rest_route=\/wp\/v2\/pages\/11350","targetHints":{"allow":["GET"]}}],"collection":[{"href":"https:\/\/bertwin.de\/irmgard-melitta\/index.php?rest_route=\/wp\/v2\/pages"}],"about":[{"href":"https:\/\/bertwin.de\/irmgard-melitta\/index.php?rest_route=\/wp\/v2\/types\/page"}],"author":[{"embeddable":true,"href":"https:\/\/bertwin.de\/irmgard-melitta\/index.php?rest_route=\/wp\/v2\/users\/2"}],"replies":[{"embeddable":true,"href":"https:\/\/bertwin.de\/irmgard-melitta\/index.php?rest_route=%2Fwp%2Fv2%2Fcomments&post=11350"}],"version-history":[{"count":7,"href":"https:\/\/bertwin.de\/irmgard-melitta\/index.php?rest_route=\/wp\/v2\/pages\/11350\/revisions"}],"predecessor-version":[{"id":11462,"href":"https:\/\/bertwin.de\/irmgard-melitta\/index.php?rest_route=\/wp\/v2\/pages\/11350\/revisions\/11462"}],"wp:attachment":[{"href":"https:\/\/bertwin.de\/irmgard-melitta\/index.php?rest_route=%2Fwp%2Fv2%2Fmedia&parent=11350"}],"curies":[{"name":"wp","href":"https:\/\/api.w.org\/{rel}","templated":true}]}}